-3*r. Let j be r + 7 - (0 - -2). Let a(g) = -g**3 - g**2. Calculate a(j).
0
Suppose -f + 2*b = -11, -f - 4 = -4*b + 7*b. Let s(i) = i**2 - 4*i + 5. Calculate s(f).
10
Let f(m) be the first derivative of 6*m - 1/2*m**2 + 4. Determine f(6).
0
Let o(r) = r**2 - 5*r - 1. Suppose 8 = -w - 3*w. Suppose 6*s - s = 30. Let v = w + s. Calculate o(v).
-5
Let q be 336/33 + 2/(-11). Suppose q*x - 5*x = 10. Let p(k) = -k - 3*k + x*k. Determine p(-3).
6
Let r(g) be the third derivative of -g**5/60 + g**4/6 - 5*g**3/6 - 14*g**2. Give r(4).
-5
Let t be (-2)/(-2)*5*1. Let h(n) = n**2 - 3*n - 2. Let f(q) = q**2 - 3*q - 2. Let s(b) = -3*f(b) + 2*h(b). Calculate s(t).
-8
Let b = 162 - 157. Let h(n) = -n**2 + 3*n + 4. Calculate h(b).
-6
Let k(s) = -s**3 + 4*s**2 + 2*s - 4. Suppose 0 = 3*j - 2 - 10. Calculate k(j).
4
Let o(a) = a**2 - a. Let h(j) be the third derivative of -7*j**5/60 - j**4/12 - j**3/3 + 3*j**2. Let c(i) = h(i) + 6*o(i). Calculate c(-6).
10
Let s(i) = i**3 + 8*i**2 - 10*i - 2. Let b be s(-9). Let a(m) = -2 + b + m**2 - 4 + 3*m. Calculate a(-4).
5
Let s(i) be the third derivative of i**5/60 - 2*i**3/3 - 5*i**2 - 2*i. Calculate s(0).
-4
Let z(p) = -p**3 + p**2 + 5. Let i be ((-2)/4)/((-5)/40). Suppose 0*m = i*m. Calculate z(m).
5
Let v(q) be the third derivative of -q**5/60 - q**4/4 + q**3 - 8*q**2. Give v(-5).
11
Let h(a) = 7*a**2 + a. Suppose 0 = 5*j - 3*j. Let n = -1 - j. Calculate h(n).
6
Let b = -36 - -34. Let k(y) = 4*y - 2. Let u(h) = 9*h - 5. Let l(i) = -10*k(i) + 4*u(i). Let t(f) = 9*f - 1. Let w(c) = 5*l(c) + 2*t(c). Determine w(b).
2
Suppose 0 = -5*m + 2*a + 11, -m - a + 11 = 2*m. Suppose -4*p + 1 + m = 0. Let s(k) = -2*k - k + k + 1 + 4*k. Give s(p).
3
Let o = -6 + 3. Suppose 0 = 3*d + 4*n - 7, -4*d + 4*n + 0*n = 0. Let p(w) = 1. Let b(i) = 2*i + 6. Let r(v) = d*b(v) - 4*p(v). Calculate r(o).
-4
Let b(y) = -2*y - 7. Let f = -2 - -5. Suppose 0*q - 2*q + 8 = -f*l, 0 = 5*l. Suppose q*j + 3*d = -5, -3*j + 13 = 5*d + 3. What is b(j)?
3
Suppose 3*s + 5*n = 2*n + 9, -3*s - 31 = -5*n. Let a(q) = -5*q + 1. Let b = 7 - 11. Let i(c) = 5*c - 2. Let g(m) = b*a(m) - 3*i(m). Give g(s).
-8
Suppose 2*n + 4*p = -0 + 2, -7 = 2*n - 5*p. Let i(u) = 4*u**2. Determine i(n).
4
Let p = -179 + 3581/20. Let l(v) be the second derivative of p*v**5 + 0 + 2*v**2 - 1/4*v**4 + 3*v - 2/3*v**3. Give l(4).
4
Let a = 13 + -27. Let i be 18/a - 4/(-14). Let k(q) be the second derivative of -q**5/4 + q**4/6 + q**3/6 - q. Calculate k(i).
6
Let i be (6/15)/((-4)/(-20)). Suppose 3*a - 5 = i*a. Let v(j) = j**2 - 7*j + 4. Determine v(a).
-6
Let c(d) = -2*d + 5. Let f(v) = 13 - 7 + 4*v - 11 - 2*v. Let n(y) = 2*c(y) + 3*f(y). Calculate n(6).
7
Let v(u) = -u**2 - 4*u - 3. Let n be ((-21)/12)/((-1)/8). Let w be 4/n - (-198)/42. Suppose 12 + 3 = -w*x. Determine v(x).
0
Let n(y) = -y**3 - 2*y**2 + y + 1. Let i = -1 + 4. Suppose u + 2*u = -i. Determine n(u).
-1
Let p(w) = 9*w**3 + w**2. Suppose -71*h = -75*h - 4. Give p(h).
-8
Suppose -2*k = -0*q - 2*q, 12 = -2*k + 5*q. Let b(p) be the third derivative of -1/6*p**3 - p**2 + 0 + 0*p + 1/6*p**k + 1/60*p**5. Calculate b(-3).
-4
Let b(z) = 18*z**2 - 7*z**2 - 10*z**2. Calculate b(-3).
9
Let b(m) = 17*m**3 - 10*m**3 - m - 2*m**3 - 3*m**2 - 2 - 7*m**3. Calculate b(-2).
4
Let g(b) = -b. Let j be g(0). Let d(i) = 0*i**3 - 3*i - 2*i**3 - 4*i**2 - 3 + i**3 + j*i. Calculate d(-3).
-3
Let l(o) = 13*o**2 - 49*o - 4. Let p(d) = -3*d**2 + 12*d + 1. Let s(t) = -2*l(t) - 9*p(t). Let i be s(10). Let n(j) = -j**3 - j**2 + j + 1. Determine n(i).
0
Let h(u) = 4 - 3 - 3*u - 3. Let t = -2 + 6. Let m be 6/t*(-3 - -1). Calculate h(m).
7
Let r(p) = -1. Let k(n) = -20*n - 10. Let a(u) = -k(u) + 5*r(u). Let b(c) = -7*c - 2. Let h(l) = -6*a(l) - 17*b(l). Suppose 0 = 3*d - 1 - 8. Give h(d).
1
Let o(h) = h + 3. Let n be o(-5). Let g(r) = r**2 + 4*r. What is g(n)?
-4
Suppose -d - 18 = 5*t, 0*d + 26 = 5*d - 4*t. Let b(k) = 0*k**2 - 4*k**2 - 4 + 3*k + 1 + k**2. What is b(d)?
-9
Let g(f) = f**3 - 3*f**2 - 4*f + 4. Suppose 0 = -b - 3 + 6. What is g(b)?
-8
Let k(x) = -x**3 - 6*x**2 - x - 3. Let d(f) = f**2 + 1. Let q(r) = 5*d(r) + k(r). What is q(2)?
-12
Suppose 7*l + 26 - 5 = 0. Let m(p) = p + 2. Give m(l).
-1
Suppose 0 = -2*f - 6. Let g(k) = -3*k**3 + 2*k - 4. Let z(n) = -4*n**3 + n**2 + 2*n - 4. Let q(r) = 3*g(r) - 2*z(r). Determine q(f).
-1
Suppose 0 = k - 3*r + 13 - 5, 4 = -k + r. Let v = 1 - k. Suppose 0*u - v*u = -6. Let m(l) = -2*l + 3. Determine m(u).
-1
Let y be 2/(-5) - 54/(-10). Let v(f) = f**3 - 4*f**2 - 6*f - 7. Give v(y).
-12
Let v(x) = -x**2 + 4*x + 1. Let n be v(3). Let m(c) = 5 - 2*c - 3 + 7*c - n*c. What is m(-3)?
-1
Suppose 5*a = 166 + 59. Suppose -4*f + 5*h + a = 0, -f = f - h - 15. Let x(v) = v**3 - 4*v**2 - 5*v + 5. Determine x(f).
5
Let g(l) = -6 - 1 - 4*l + 2*l**2 - 3*l**2 + 3. Give g(-3).
-1
Let r(k) = -k**2. Let n(j) = 7*j - 7. Let z(q) = n(q) + r(q). Give z(5).
3
Let g(s) = 3*s**2 - 2*s + 3. Let p = 6 + -8. Let w(l) = 3*l + 7*l - 13*l**2 - 11 - l. Let a(t) = p*w(t) - 9*g(t). Determine a(0).
-5
Suppose 5*f - 16 = -6. Let a(u) = -2*u**3 - 2*u**2 + 2. Calculate a(f).
-22
Let b(s) be the third derivative of -s**5/60 - 5*s**4/24 - 7*s**3/6 + 7*s**2. Determine b(-5).
-7
Let b(o) = -2*o - 1. Let h(a) = 2*a. Let d(l) = 2*b(l) + 3*h(l). Suppose -4*v - 62 = -p, -2*p = v - 4 + 15. Let y = -10 - v. Determine d(y).
8
Let i(s) = 35*s**3 + 2 + 4*s**2 - 18*s**3 + s - 16*s**3. Calculate i(-4).
-2
Let b(r) be the third derivative of -r**5/30 + r**4/24 + 2*r**3/3 - 3*r**2. Let z be (4 + 1)*6/5. Suppose 3*p - 3 - z = 0. What is b(p)?
-11
Suppose 5*r = 17 + 18. Let q(k) = k + k + k**2 - 3*k + r. Give q(0).
7
Let l(d) = -d**3 + 6*d**2 + 4*d - 4. Let h(k) = k**3 - 6*k**2 - 5*k + 5. Let t(c) = -3*h(c) - 4*l(c). What is t(6)?
-5
Suppose 6*w - 5*w = 12. Let x be 3/w - (-120)/32. Let y(d) be the first derivative of -d**4/4 + 2*d**3 - 3*d**2 + 1. Give y(x).
8
Let a(d) = d**3 + 4*d**2 + d + 1. Let o = 12 - 12. Suppose o = 2*n + 6. What is a(n)?
7
Let k(w) = -w + 1. Suppose n + 2*r - 16 = 5*n, n + 5*r = 7. What is k(n)?
4
Let s(d) be the third derivative of 0*d + 0 - 1/24*d**4 + 9*d**2 - 1/6*d**3. Give s(-3).
2
Let j(k) be the first derivative of 4*k + 3 + 7/2*k**2 + 2*k**3 + 1/4*k**4. Calculate j(-5).
-6
Let d(r) = r**3 + 4*r**2 - 3*r - 3. Let z be d(-4). Suppose -3*n + z + 0 = 0. Suppose j - n*f + 13 = 3, -3*f = -3*j. Let t(v) = 2*v - 4. Determine t(j).
6
Let b(u) = -1. Let z(f) = -6*f**2 + f - 5. Let q(w) = 5*b(w) - z(w). Calculate q(-1).
7
Let k be 3 + (-1 - -3) - 4. Let z(g) = -12*g**2 + g - 1. Give z(k).
-12
Let d(j) = j. Let x(s) = -s**2 + 3*s - 1. Suppose -f = -5*f + 24. Suppose 4*t - f - 10 = 0. Let a be x(t). Determine d(a).
-5
Let d be 2*(-1)/2*-5. Suppose 5*f + 3*v + 20 = -2*v, 5*f = -v - 40. Let b = f + d. Let q(k) = -2*k**2 - 7*k - 4. Calculate q(b).
-8
Let t(r) = -7*r**2 + 7*r - 18. Let a(m) = -3*m**2 + 4*m - 9. Let v(p) = -5*a(p) + 2*t(p). Determine v(7).
16
Let v(u) = -5*u + 2. Suppose -9 = -3*a, 2*x + 2*x = -4*a. Let n(o) = 14*o - 5. Let t(w) = x*n(w) - 8*v(w). Let f be 2/(-2) - (-4)/2. Determine t(f).
-3
Let g(s) be the third derivative of -s**4/12 + s**3/6 + 21*s**2. Give g(-1).
3
Let h(z) = z + 1. Let p be h(-7). Let i(c) = -c - 11. Give i(p).
-5
Suppose -5*v - 22 = g, -5*g = v - 2*v - 20. Let b(k) be the second derivative of 1/3*k**4 + k**g - 1/20*k**5 + 0 - 2*k - 1/2*k**2. Determine b(5).
4
Let k(x) = 6 - x**3 + x - 2 + 3*x**2 + 0*x. Let y be 1/2 + 21/6. What is k(y)?
-8
Let i(u) = 2*u + 12. Let h be i(-8). Let d(v) = -3*v - 17. Let g(l) = 2*l + 11. Let m(j) = -5*d(j) - 7*g(j). Let c be m(h). Let w(x) = -x - 1. Give w(c).
-5
Let f(b) = 2*b**3 - 8*b**2 - 6*b + 2. Let s(q) = 3*q**3 - 8*q**2 - 6*q + 2. Let a(d) = -4*f(d) + 3*s(d). Determine a(-7).
5
Suppose -10 = 4*d + d. Let m be -2 - (-3 + (d - -3)). Let a(r) = r**3. Let n(c) = c**2 + c + 6. Let s(w) = -a(w) - n(w). Calculate s(m).
-6
Suppose -8 + 0 = -4*f. Suppose -2*c = -4*v - 3*c - 6, 2*v = -f*c. Let z(h) = 2*h + 2. Calculate z(v).
-2
Suppose 5 + 4 = -3*x, -3*x - 21 = -4*o. Suppose 4*v = -3*w - 2, 0 = o*v - v - w - 4. Let k be v*(-1 - (3 - 5)). Let s(g) = -10*g + 1. Determine s(k).
-9
Let v(s) = -s**3 - 7*s**2 + 3*s + 6. Let b(d) = -d**3 - 6*d**2 + 3*d + 5. Let a(k) = -4*b(k) + 3*v(k). Let n = 5 - 8